e x(h).
-21
Let b(m) = 49*m + 9 - 27*m - 3 - 24*m. What is b(-9)?
24
Let j(x) = x - 9. Let m be j(5). Let l(g) = 121 - g + 85 - 208. Give l(m).
2
Let r(t) be the first derivative of -t**2 - 1/6*t**4 - 3 + 0*t - 2/3*t**3 - 1/30*t**5. Let n(j) be the second derivative of r(j). Calculate n(-3).
-10
Let b(r) = -12*r + 21*r + 195*r**2 - 194*r**2 + 17. Determine b(-6).
-1
Suppose -6*l + 4*q = -4*l - 20, 6 = l - q. Let j(a) = a - l + 0 - 1. What is j(5)?
2
Let h(w) = -4*w**2 + 4*w - 10. Let n(t) = 3*t**2 - 3*t + 10. Let z(i) = 2*h(i) + 3*n(i). Suppose -431*s + 429*s = 0. What is z(s)?
10
Let l(c) = 22 + c**2 - 45 + c + 23. What is l(-2)?
2
Let p(f) = f + 4. Let h = 31 - 18. Let w be (0 + 0)/((-13)/h). Calculate p(w).
4
Let z(l) = -11*l + 2*l - 13273 + 13258. Determine z(-1).
-6
Let r(s) = -s**2 - 3*s + 2. Suppose 5*p - 6*p + 2 = 0. Suppose -p*n - 73 = -4*n - 5*g, -2*g + 193 = 5*n. Suppose 14 = 5*a + n. Give r(a).
-8
Let j(b) = b**2 + 9. Let k be (1 - 3) + (-1 - -2). Let h(r) = -40378*r**2 - r**3 - 3*r + 40376*r**2 + 3*r - r. Let f be h(k). What is j(f)?
9
Let r(l) = -l**2 - 2*l + 3. Let m = 172 - 169. What is r(m)?
-12
Let i(p) = p**2 + 5*p - 24. Let t be i(-7). Let v(f) = -f**2 - 7*f + 10. Give v(t).
-20
Let m(r) = 3*r - 2. Let s(j) be the first derivative of 2*j**3/3 + 15*j**2/2 + 10*j - 17. Let p be s(-7). Determine m(p).
7
Let f(p) = p**3 - 7*p + 2 + 4*p**2 - 2*p + 3*p**2 + 2*p**2. Let c be f(-10). Let s(q) = -q - 6. Determine s(c).
2
Let h be (-46)/(-6) - (-28)/(-42). Let s(i) = -3*i - 2 - 5*i + h*i. Calculate s(-3).
1
Let g(p) = p**3 + p - 22. Let v be g(0). Let m = v + 31. Let j(b) = -b**3 + 8*b**2 + 10*b - 7. What is j(m)?
2
Let p(x) = -14*x**3 - x**2 - x + 2. Suppose 0 = -t + 4*m + 13, 12 - 11 = -2*t - m. Determine p(t).
-14
Let d(u) = 22822 + 2*u + 3*u**2 - 22823 + u**2. Let h be -1*(-1)/(-2)*-2. Determine d(h).
5
Let q(x) be the first derivative of -x**5/20 + 5*x**4/12 - 2*x**2 - 16*x + 8. Let a(j) be the first derivative of q(j). What is a(3)?
14
Suppose -2*l + 2*o = -2*o - 34, 3*o = 5*l - 50. Let h(y) = -y**2 + y - 1. Let q(k) = 5 - 6 + 0*k**2 + 3 + 2*k + 5*k**2. Let w(r) = 6*h(r) + q(r). What is w(l)?
3
Suppose -88*u + 83*u - 20 = 0. Let a(g) = -g**3 - 3*g**2 + 2*g - 3. Calculate a(u).
5
Let i(f) = -f**2 + 8*f - 6. Let p(s) = s**2 - 10*s + 8. Let o(c) = -3*i(c) - 2*p(c). What is o(2)?
-2
Let b be 0/(3/3*-1). Suppose -w + b*w + 18 = 2*z, 3*z - 2*w - 27 = 0. Let x(u) = u**2 - 18*u**3 + 2*u**3 + z*u**3 + 8*u**3 - 2*u + 2. Calculate x(2).
10
Suppose -35 = -4*o - 15. Let p(g) = -g**3 + 5*g**2 + 2*g + 1. Let a(j) = j**3 - 5*j**2 - 2*j - 2. Let w(c) = -4*a(c) - 5*p(c). Give w(o).
-7
Let z(f) = -f**3 + 11*f**2 - 10*f + 6. Let x be z(10). Let k be 60/33 - x/(-33). Let w(m) = -4 - m - k + 3*m + 1. Determine w(6).
7
Let g(s) = s**3 - s**2 + s + 4. Let y(m) = m**3 + m + 4. Let z = -34 + 17. Let a = z + 21. Let o(v) = a*g(v) - 5*y(v). What is o(-4)?
0
Let j(w) = -3 + 12*w + 11*w - 21*w. Let l be (-6)/(7 + 5)*1*12. Calculate j(l).
-15
Let u(d) = -d**2 + 6*d + 3. Let i be 5/2*2*3. Let m = -151 + 141. Let l = m + i. Give u(l).
8
Let z(w) = 2*w**2 + 26*w - 28. Let r be z(-14). Let l(f) be the third derivative of 0 + r*f + 1/2*f**3 + 1/24*f**4 - 4*f**2. Determine l(-4).
-1
Let a = -1412 - -1420. Let h(y) = -3*y + 22. Give h(a).
-2
Let f(o) be the first derivative of -o**2/2 - 26*o + 75. Give f(0).
-26
Let r be -1 + 0 + 0 - -5. Suppose c = -r*c. Suppose -z + c*z = 5*x - 3, -2*z - 4*x = 0. Let w(g) = -g**2 - g + 1. Determine w(z).
-1
Suppose 247*z - 240*z - 63 = 0. Let u(m) = -m**3 + 8*m**2 + 9*m - 2. Determine u(z).
-2
Let x(f) = 8*f**3 - 7*f**3 + 2 + 0*f - 2*f - 7*f**2 + 3*f**2. Calculate x(5).
17
Let u(q) = -q**2 - q + 23. Let c be u(-5). Let d(s) = -c + 0 + 2*s + 9. Give d(-4).
-2
Let k(x) = -x**3 - x**2 - 2. Let t be (-16)/(-6)*(21/14 + 0). Suppose 3*q + 4*o = -12, -t*q - 9 = q + 3*o. Calculate k(q).
-2
Let x(v) be the second derivative of 3*v**2 + 1/3*v**3 - 11*v - 1/2*v**4 + 0 - 1/20*v**5. Determine x(-6).
-6
Let n(x) = x**2 - x. Let z(d) = d + 4. Let p be z(-4). Let h be (p + -1)*(-3)/(-3). Give n(h).
2
Let j(p) = p**2 - 22*p + 13. Let u be j(22). Let a(z) = -z**3 + 11*z**2 + 26*z. Give a(u).
0
Let y(s) = -2*s - 1. Let c(n) = -n**2 - 5*n - 21. Let z(b) = -c(b) - 3*y(b). Give z(-9).
6
Let m(h) = -3*h - 19. Let b(r) = -r - 6. Let c(v) = 17*b(v) - 6*m(v). Let l(n) = 3*n - 90. Let f be l(28). Calculate c(f).
6
Let j(o) = o**3 - 2*o**2 + 4*o - 3. Let c be j(3). Suppose -4*p + c = -10. Let x(i) = -4 + 10*i**2 + 0*i - 12*i**2 + p*i. What is x(5)?
-19
Let p(b) = 2*b - 5. Let a(g) = -4*g + 11. Let k(s) = -2*a(s) - 5*p(s). Let z(j) = -83*j - 245. Let u be z(-3). What is k(u)?
-5
Let n(t) = t**2 + 19*t - 2. Let l be -5 + 2 + (-18 - -2). Let s be n(l). Let v(f) = 6*f + 4. Let c(i) = 5*i + 3. Let h(p) = 4*c(p) - 3*v(p). Give h(s).
-4
Let x(n) = n**2 - n - 1. Suppose 3*q - 5 = -2*z - 2, -4*z + 7 = 5*q. Let l(i) = 2*i**2 + 5*i - 9. Let f(v) = q*l(v) + x(v). What is f(-6)?
8
Let h be (1/3 + -1)*7/((-350)/375). Let j(u) = -u + 2. Suppose 5*b + 4 + 6 = 0. Let q(m) = -4*m + 8. Let y(n) = b*q(n) + 9*j(n). What is y(h)?
-3
Suppose -3*l = -14*l - 143. Let j(m) = -4*m + 7. Let b(o) = -9*o + 14. Let w(r) = l*j(r) + 6*b(r). Calculate w(-5).
3
Suppose 0 = b - 3*c - 4, 0 = -4*b + c - 37 + 42. Let h(o) = -12*o**2. Calculate h(b).
-12
Let c(q) = q**2 + 248047 - 248045 + 5*q - 2*q**2. Suppose 17 + 13 = 5*g. Give c(g).
-4
Suppose -46 = -5*x + 19. Let u = x - 17. Let c(j) = j**3 + 6*j**2 - 2*j - 2. Let l(o) = o**3 + 7*o**2 - 2*o - 1. Let r(g) = 3*c(g) - 2*l(g). Determine r(u).
4
Let u(l) = -l**3 + 8*l**2 - 9*l + 8. Let h be (-7)/(-7) - (-1 + 12). Let k be (-1 - (-4)/1)/(-1) - h. Calculate u(k).
-6
Let x(g) be the first derivative of -g**3/3 - 5*g**2/2 + g + 161. Give x(-5).
1
Let w(f) be the second derivative of f**4/12 + 5*f**3/6 + 2*f**2 + f. Let o = -1462 + 1457. Determine w(o).
4
Let p(h) = -3*h**3 + 3*h**2 + h + 11. Let w(j) = -14*j**3 + 13*j**2 + 5*j + 48. Let v(c) = 9*p(c) - 2*w(c). What is v(0)?
3
Let m(y) = y**2 + 3*y - 15. Let r be m(-6). Let u(w) = 5*w - 3*w**2 - w**3 + 3 - w + r. Determine u(-4).
6
Let v(p) be the third derivative of 0*p + 0 - 3*p**2 - 1/6*p**3 + 1/3*p**4. Calculate v(-1).
-9
Let j(w) be the second derivative of w**6/720 - w**5/24 + 5*w**4/4 + 20*w. Let y(h) be the third derivative of j(h). Suppose 4*g + 12 + 12 = 0. Give y(g).
-11
Let t(d) = d**3 + d - 31. Let y be 18/(-42) - -1*(-3)/(-7). Calculate t(y).
-31
Let g = -4 + 0. Let d(n) be the first derivative of n**4/24 + 9*n**2/2 - 4. Let i(v) be the second derivative of d(v). What is i(g)?
-4
Let f(h) = -4*h - 40 - 6 + 19 - h**2 + 3*h + h**3. What is f(0)?
-27
Let x(p) = p**2 - 15*p - 34. Let z(u) = u**2 - 14*u - 34. Let s(a) = 3*x(a) - 2*z(a). Let q be s(19). Let k(l) = -l**2 + 4*l - 1. Calculate k(q).
-1
Let y be 14/63 - 2/9. Let p(n) = n**3 - 28. Calculate p(y).
-28
Suppose 5*y - 2*l - 25 = 0, l + 15 = 2*y + y. Suppose -73 + 38 = y*b. Let d(w) = -w**3 - 6*w**2 + 7*w - 3. Calculate d(b).
-3
Let d(w) = 2*w - 17*w + 9*w + 4*w**2 + 1 - w**3 + 7*w. Let t(a) = -a**3 + 4*a**2 + 6*a. Let m be t(5). Determine d(m).
-19
Let f(s) = -2*s**2 - 18*s - 6. Let t(d) = d**2 + 15*d - 9. Let w be t(-15). What is f(w)?
-6
Suppose 3*z = -3*r - r + 26, z + 3 = r. Let m(t) = -r*t**2 - t**3 - t**2 + t**2. Calculate m(-4).
-16
Let u(k) = -k**2 + k - 5. Let x = -466 - -471. Give u(x).
-25
Let s(c) = 2*c**2 - 12*c + 3. Let d be s(6). Let a(j) = -j**2 + 5*j + 4. Determine a(d).
10
Let t(r) = -19*r**2 - 2*r + 1. Suppose 5*p = 3*x + 16 - 5, p - 3 = x. What is t(p)?
-20
Let l(w) = -w**2 + 2*w + 2. Let d = -174 - -168. Determine l(d).
-46
Suppose 11*f - 15 = 8*f. Suppose -3*o = -f*o. Let a(k) = -4*k + 2. Let s(w) = -5*w + 1. Let u(v) = -4*a(v) + 3*s(v). Give u(o).
-5
Let p(z) = 9*z**2 - z - 2. Let q(t) = 5*t**2 - 1. Let k(x) = p(x) - 2*q(x). Calculate k(-3).
-6
Suppose 6*s = 3*s + 3. Suppose 1 = -2*o - s. Let v(b) be the third derivative of b**5/60 - b**4/24 - b**3/6 - 274*b**2. What is v(o)?
1
Let u(x) = x**3 - 6*x**2 + 12*x - 14. Let w be u(4). Let g(f) be the second derivative of -f**4/6 + f**3/3 - 2*f. What is g(w)?
-4
Let p(n) be the second derivative of -n**4/6 + 5*n**3/6 + 2*n**2 + 300*n. Let y be 52/14 + 4/14. Determ